{"id":830,"date":"2026-02-08T21:16:21","date_gmt":"2026-02-08T21:16:21","guid":{"rendered":"https:\/\/kobietymaryi.pl\/?page_id=830"},"modified":"2026-02-08T21:16:30","modified_gmt":"2026-02-08T21:16:30","slug":"rekolekcje-dla-kobiet-2","status":"publish","type":"page","link":"https:\/\/kobietymaryi.pl\/?page_id=830","title":{"rendered":"Rekolekcje dla kobiet"},"content":{"rendered":"\n  \n    <section class=\"u-clearfix u-section-1\" id=\"sec-71b4\">\n      <div class=\"u-clearfix u-sheet u-sheet-1\">\n        <div class=\"u-clearfix u-expanded-width u-gutter-10 u-layout-wrap u-layout-wrap-1\">\n          <div class=\"u-layout\" style=\"\">\n            <div class=\"u-layout-row\" style=\"\">\n              <div class=\"u-align-left u-container-style u-layout-cell u-left-cell u-size-30 u-size-xs-60 u-layout-cell-1\" src=\"\">\n                <div class=\"u-container-layout u-valign-middle u-container-layout-1\" src=\"\">\n                  <img decoding=\"async\" class=\"u-file-link u-image u-image-1\" src=\"https:\/\/kobietymaryi.pl\/wp-content\/uploads\/2026\/02\/Plakat.jpg\" data-image-width=\"2492\" data-image-height=\"3507\" data-href=\"https:\/\/kobietymaryi.pl\/wp-content\/uploads\/2026\/02\/Plakat-20-scaled.jpg\">\n                <\/div>\n              <\/div>\n              <div class=\"u-align-center u-container-style u-layout-cell u-right-cell u-size-30 u-size-xs-60 u-white u-layout-cell-2\">\n                <div class=\"u-container-layout u-container-layout-2\">\n                  <h5 class=\"u-custom-font u-font-georgia u-text u-text-custom-color-1 u-text-1\"> Serdecznie zapraszamy<br>&nbsp;<br>Kobiety r\u00f3\u017cnego stanu\n&nbsp;panny,\nm\u0119\u017catki, mamy z c\u00f3rkami \u2013 ka\u017cda z Was niech\nczuje si\u0119 zaproszona\n                  <\/h5>\n                <\/div>\n              <\/div>\n            <\/div>\n          <\/div>\n        <\/div>\n      <\/div>\n    <\/section>\n    <section class=\"u-clearfix u-section-2\" id=\"sec-1602\">\n      <div class=\"u-clearfix u-sheet u-sheet-1\">\n        <h5 class=\"u-align-center u-custom-font u-font-georgia u-text u-text-1\"> &nbsp; &nbsp; &nbsp;&nbsp;Rekolekcje - Warsztaty <span style=\"font-weight: 700;\" class=\"u-text-custom-color-1\">\u201eJak pi\u0119knie\nby\u0107 kobiet\u0105\u201d<\/span>, pozwol\u0105 Tobie na poznawanie siebie w kontek\u015bcie Twojego procesu\nprzemiany, rozwoju i Bo\u017cej wizji dla Twego \u017cycia. B\u0119dziemy odkrywa\u0107 swoj\u0105 si\u0142\u0119,\npasj\u0119, odwag\u0119, &nbsp;aby nauczy\u0107 si\u0119 \u017cy\u0107\nzgodnie z nimi i na ich podstawie realizowa\u0107 wizj\u0119 dla swego \u017cycia. W ten\nspos\u00f3b wej\u015b\u0107 w swoje przeznaczenie i misj\u0119.<b><\/b> \u2013 Nauczymy si\u0119 szacunku do procesu, chc\u0105c\nzrozumie\u0107, dlaczego czasami trwa on d\u0142u\u017cej ni\u017c by\u015bmy chcia\u0142y. Poznamy swoje\nograniczenia, l\u0119ki, z\u0142e przekonania i nawyki, kt\u00f3re nas zatrzymuj\u0105 na drodze\npowo\u0142ania i spe\u0142nienia. Powiemy, jak doj\u015b\u0107 do miejsca naszego przeznaczenia, by\nrealizowa\u0107 Bo\u017cy plan dla naszego \u017cycia. <br>Pomog\u0105 nam to zg\u0142\u0119bi\u0107 tematy:&nbsp;&nbsp;<br>\u201e Je\u015bli si\u0119 nie rozwijam to si\u0119 zwijam\u201d&nbsp;<br>&nbsp; \u201eSi\u0142a, pasja, odwaga\u201d&nbsp;&nbsp;<br>\u201eO m\u0105drym pomaganiu innym w uj\u0119ciu chrze\u015bcija\u0144skim i psychologicznym\u201d&nbsp;<br>&nbsp; \u201eRatowniczko \u2013 poznaj siebie\u201d<br>&nbsp; \u201eMisja specjalna \u2013 jak by\u0107 prawdziw\u0105 kobiet\u0105?\u201d&nbsp;<br>T\u0105 prawd\u0119 pomog\u0105 nam odkrywa\u0107:&nbsp;\nKs. Grzegorz Kosakowski CSMA&nbsp;\nMgr. Agnieszka \u0141ach&nbsp;<br>Aby umocni\u0107 swojego ducha:&nbsp;<br>&nbsp; \u2013 Wsp\u00f3lna Eucharystia&nbsp;&nbsp;<br>\u2013 Mo\u017cliwo\u015b\u0107 skorzystania z sakramentu pokuty&nbsp;&nbsp;<br>\u2013 Mo\u017cliwo\u015b\u0107 indywidualnej rozmowy\n\u202f\u202f\u202f\u202f\u202f\u202f\u202f\u202f\u202f\u202f\u202f\u202f\u202f\u202f\u202f\u202f\u202f\u202f\u202f\u202f\u202f\u202f\u202f\u202f\u202f\u202f\u202f\u202f\u202f\u202f\u202f\u202f\u202f\u202f\u202f\u202f\u202f&nbsp;&nbsp;<br>\u2013 Wsp\u00f3lne uwielbianie Pana podczas modlitwy osobistej i adoracji&nbsp;&nbsp;<br>\u2013 Wyciszenie si\u0119 i otwarcie na dzia\u0142anie w nas Bo\u017cej tajemnicy&nbsp;&nbsp;<br>Aby umocni\u0107 nasze cia\u0142o:&nbsp;&nbsp;<br>\u2013 Wsp\u00f3lne posi\u0142ki&nbsp;&nbsp;<br>\u2013 W przerwach kawusia, herbatka, ciasteczko&nbsp;&nbsp;<br>\u2013 Warsztaty artystyczne&nbsp;&nbsp;<br>\u2013 Warsztaty dekoracyjne&nbsp;&nbsp;<br>\u2013 Do\u015bwiadczenie rado\u015bci bycia we wsp\u00f3lnocie&nbsp;&nbsp;<br>Rekolekcje rozpoczynamy \u202fw pi\u0105tek o godz: 18.00 a ko\u0144czymy w niedziel\u0119 o\ngodz: 13.00 wsp\u00f3lnym obiadem.&nbsp;&nbsp;<br>Miejsce: Centrum Duchowo\u015bci Michalickiej \u201eDom u Ojca\u201d w Miejscu\nPiastowym&nbsp;&nbsp;<br>Zg\u0142oszenia \u2013 mo\u017cna zapisa\u0107 si\u0119 przez:&nbsp;\ne-mail: <a href=\"mailto:tpmazur@wp.pl\" target=\"_blank\" class=\"u-active-none u-border-none u-btn u-button-style u-hover-none u-none u-text-palette-1-base u-btn-1\">tpmazur@wp.pl<\/a> lub \u202ftel: 504-915-828&nbsp;\npodaj\u0105c: imi\u0119 i nazwisko, miejscowo\u015b\u0107, numer kontaktowy, nocleg&nbsp;&nbsp;<br>Koszty uczestnictwa:&nbsp;\nBez noclegu: Osoba doros\u0142a \u2013 300 z\u0142\n\u2013 pe\u0142ne wy\u017cywienie, kawiarenka, materia\u0142y na\nwarsztaty\u202fartystyczne i\u202f dekoracyjne, koszty organizacyjne&nbsp;\n&nbsp;C\u00f3rka do 18 lat \u2013 250\nz\u0142&nbsp;&nbsp;<br>Z noclegiem: Osoba doros\u0142a \u202f\u2013 380 z\u0142\n\u2013 jak wy\u017cej, plus nocleg\n&nbsp;C\u00f3rka do 18 lat \u2013 320 z\u0142&nbsp;&nbsp;<br>ILO\u015a\u0106 MIEJSC OGRANICZONA&nbsp; <br>\n          <span class=\"u-text-custom-color-1\">Serdecznie zapraszamy!&nbsp; &nbsp;<\/span>\n        <\/h5>\n      <\/div>\n    <\/section>\n    \n    \n    \n    \n  \n","protected":false},"excerpt":{"rendered":"<p>Serdecznie zapraszamy&nbsp;Kobiety r\u00f3\u017cnego stanu &nbsp;panny, m\u0119\u017catki, mamy z c\u00f3rkami \u2013 ka\u017cda z Was niech czuje si\u0119 zaproszona &nbsp; &nbsp; &nbsp;&nbsp;Rekolekcje &#8211; Warsztaty \u201eJak pi\u0119knie by\u0107 kobiet\u0105\u201d, pozwol\u0105 Tobie na poznawanie siebie w kontek\u015bcie Twojego procesu przemiany, rozwoju i Bo\u017cej wizji dla Twego \u017cycia. B\u0119dziemy odkrywa\u0107 swoj\u0105 si\u0142\u0119, pasj\u0119, odwag\u0119, &nbsp;aby nauczy\u0107 si\u0119 \u017cy\u0107 zgodnie z &hellip; <a href=\"https:\/\/kobietymaryi.pl\/?page_id=830\" class=\"more-link\">Continue reading<span class=\"screen-reader-text\"> &#8222;Rekolekcje dla kobiet&#8221;<\/span><\/a><\/p>\n","protected":false},"author":1,"featured_media":0,"parent":0,"menu_order":1,"comment_status":"closed","ping_status":"closed","template":"","meta":{"footnotes":""},"class_list":["post-830","page","type-page","status-publish","hentry"],"_links":{"self":[{"href":"https:\/\/kobietymaryi.pl\/index.php?rest_route=\/wp\/v2\/pages\/830","targetHints":{"allow":["GET"]}}],"collection":[{"href":"https:\/\/kobietymaryi.pl\/index.php?rest_route=\/wp\/v2\/pages"}],"about":[{"href":"https:\/\/kobietymaryi.pl\/index.php?rest_route=\/wp\/v2\/types\/page"}],"author":[{"embeddable":true,"href":"https:\/\/kobietymaryi.pl\/index.php?rest_route=\/wp\/v2\/users\/1"}],"replies":[{"embeddable":true,"href":"https:\/\/kobietymaryi.pl\/index.php?rest_route=%2Fwp%2Fv2%2Fcomments&post=830"}],"version-history":[{"count":1,"href":"https:\/\/kobietymaryi.pl\/index.php?rest_route=\/wp\/v2\/pages\/830\/revisions"}],"predecessor-version":[{"id":839,"href":"https:\/\/kobietymaryi.pl\/index.php?rest_route=\/wp\/v2\/pages\/830\/revisions\/839"}],"wp:attachment":[{"href":"https:\/\/kobietymaryi.pl\/index.php?rest_route=%2Fwp%2Fv2%2Fmedia&parent=830"}],"curies":[{"name":"wp","href":"https:\/\/api.w.org\/{rel}","templated":true}]}}