{"id":868,"date":"2026-03-31T22:01:58","date_gmt":"2026-03-31T22:01:58","guid":{"rendered":"https:\/\/kobietymaryi.pl\/?page_id=868"},"modified":"2026-03-31T22:09:15","modified_gmt":"2026-03-31T22:09:15","slug":"paczuszka-dla-maluszka-2","status":"publish","type":"page","link":"https:\/\/kobietymaryi.pl\/?page_id=868","title":{"rendered":"Paczuszka dla maluszka"},"content":{"rendered":"\n    \n    <section class=\"u-clearfix u-section-2\" id=\"block-1\">\n      <div class=\"u-clearfix u-sheet u-sheet-1\">\n        <p class=\"u-align-center u-text u-text-1\">\n          <br><span style=\"font-size: 1.5rem; font-weight: 700;\">Paczuszka dla maluszka 2025<\/span>\n          <br>\n          <br> Szanowni Pa\u0144stwo,<br>Sanktuarium \u015awi\u0119tego Micha\u0142a Archanio\u0142a i B\u0142ogos\u0142awionego Bronis\u0142awa Markiewicza w Miejscu Piastowym w tym roku po raz drugi wzi\u0119\u0142o udzia\u0142 w akcji \"Paczuszka dla Maluszka\" jako jej koordynator.<br>W naszym Sanktuarium akcja trwa\u0142a od 5. grudnia 2025 r. do 25. stycznia 2026 r. Jest to czas, w kt\u00f3rym wiele os\u00f3b odwiedza Sanktuarium - liczni pielgrzymi oraz wierni korzystaj\u0105cy z pos\u0142ugi duszpasterskiej Ksi\u0119\u017cy Michalit\u00f3w, w okresie przed\u015bwi\u0105tecznym szczeg\u00f3lnie z sakramentu pokuty. Wiele z tych os\u00f3b postanowi\u0142o wesprze\u0107 akcj\u0119.<br>W tym roku wspierali\u015bmy Dom Pomocy Spo\u0142ecznej dla Dzieci w Iwoniczu.<br>Zainteresowanie akcj\u0105 by\u0142o bardzo du\u017ce - regularnie przenosili\u015bmy sk\u0142adane pod choink\u0105 dary, aby zrobi\u0107 miejsce na kolejne. Z\u0142o\u017cono \u0142\u0105cznie kilkadziesi\u0105t paczek zawieraj\u0105cych potrzebne artyku\u0142y.<br>Zebrali\u015bmy m.in.: 48 opakowa\u0144 mokrych chusteczek, pampersy, kilkadziesi\u0105t sztuk proszk\u00f3w do prania i innych artyku\u0142\u00f3w chemii gospodarczej, szampon\u00f3w, p\u0142yn\u00f3w do k\u0105pieli i pod prysznic, myde\u0142 w p\u0142ynie i innych \u015brodk\u00f3w kosmetycznych, kilkana\u015bcie opakowa\u0144 ry\u017cu, kaszek, kilkana\u015bcie puszek kukurydzy i groszku, 20 opakowa\u0144 makaron\u00f3w, konserwy, d\u017cemy, czekolady i inne s\u0142odycze, musy owocowe, galaretki, kisiele, budynie. By\u0142y te\u017c koce (12szt.), ubranka, puzzle i inne zabawki dla dzieci oraz kredki, o\u0142\u00f3wki, zeszyty i kolorowanki. Ofiarowano 2 zegarki m\u0119skie, zdarza\u0142y si\u0119 te\u017c niewielkie ofiary pieni\u0119\u017cne, za kt\u00f3re zakupiono potrzebne produkty uj\u0119te wy\u017cej w zestawieniu.<br>Dary zosta\u0142y przekazane w dniu 20.02.2026 r.<br>Po raz kolejny ten bardzo pozytywny odzew na organizowan\u0105 akcj\u0119 i niezwyk\u0142a hojno\u015b\u0107 ze strony os\u00f3b odwiedzaj\u0105cych nasze Sanktuarium by\u0142y dla nas widomym znakiem Bo\u017cego b\u0142ogos\u0142awie\u0144stwa.<br>Bardzo cieszymy si\u0119, \u017ce mogli\u015bmy znowu wzi\u0105\u0107 udzia\u0142 w tej akcji i do\u015bwiadcza\u0107 wielkiej ofiarno\u015bci naszych przyjaci\u00f3\u0142, zwyk\u0142ych ludzi\u2026<br>Je\u015bli Pan B\u00f3g pozwoli, b\u0119dziemy koordynowa\u0107 \u201ePaczuszk\u0119 dla Maluszka\u201d tak\u017ce w przysz\u0142ym roku.<br>Serdecznie pozdrawiamy!\n        <\/p>\n        <div class=\"u-expanded-width u-gallery u-layout-grid u-lightbox u-no-transition u-show-text-none u-gallery-1\">\n          <div class=\"u-gallery-inner u-gallery-inner-1\">\n            <div class=\"u-effect-hover-zoom u-gallery-item\">\n              <div class=\"u-back-slide\" data-image-width=\"2048\" data-image-height=\"2048\">\n                <img decoding=\"async\" class=\"u-back-image u-expanded\" src=\"https:\/\/kobietymaryi.pl\/wp-content\/uploads\/2026\/03\/Choinka-1.jpeg\">\n              <\/div>\n              <div class=\"u-over-slide u-shading u-over-slide-1\"><\/div>\n            <\/div>\n            <div class=\"u-effect-hover-zoom u-gallery-item\">\n              <div class=\"u-back-slide\" data-image-width=\"1855\" data-image-height=\"2048\">\n                <img decoding=\"async\" class=\"u-back-image u-expanded\" src=\"https:\/\/kobietymaryi.pl\/wp-content\/uploads\/2026\/03\/Przekazaniedarw20.02.20261-1.jpeg\">\n              <\/div>\n              <div class=\"u-over-slide u-shading u-over-slide-2\"><\/div>\n            <\/div>\n            <div class=\"u-effect-hover-zoom u-gallery-item\">\n              <div class=\"u-back-slide\" data-image-width=\"1468\" data-image-height=\"1885\">\n                <img decoding=\"async\" class=\"u-back-image u-expanded\" src=\"https:\/\/kobietymaryi.pl\/wp-content\/uploads\/2026\/03\/Przekazaniedarw20.02.20262-1.jpeg\">\n              <\/div>\n              <div class=\"u-over-slide u-shading u-over-slide-3\"><\/div>\n            <\/div>\n            <div class=\"u-effect-hover-zoom u-gallery-item\">\n              <div class=\"u-back-slide\" data-image-width=\"1140\" data-image-height=\"1520\">\n                <img decoding=\"async\" class=\"u-back-image u-expanded\" src=\"https:\/\/kobietymaryi.pl\/wp-content\/uploads\/2026\/03\/20260126_183843-1152x1536.jpg\">\n              <\/div>\n              <div class=\"u-over-slide u-shading u-over-slide-4\"><\/div>\n            <\/div>\n            <div class=\"u-effect-hover-zoom u-gallery-item\">\n              <div class=\"u-back-slide\">\n                <img decoding=\"async\" class=\"u-back-image u-expanded\" src=\"https:\/\/kobietymaryi.pl\/wp-content\/uploads\/2026\/03\/20260126_182503.jpg\">\n              <\/div>\n              <div class=\"u-over-slide u-shading u-over-slide-5\"><\/div>\n            <\/div>\n            <div class=\"u-effect-hover-zoom u-gallery-item\">\n              <div class=\"u-back-slide\" data-image-width=\"1140\" data-image-height=\"1520\">\n                <img decoding=\"async\" class=\"u-back-image u-expanded\" src=\"https:\/\/kobietymaryi.pl\/wp-content\/uploads\/2026\/03\/20260126_183559-1-1152x1536.jpg\">\n              <\/div>\n              <div class=\"u-over-slide u-shading u-over-slide-6\"><\/div>\n            <\/div>\n            <div class=\"u-effect-hover-zoom u-gallery-item\" data-image-width=\"2560\" data-image-height=\"1920\">\n              <div class=\"u-back-slide\">\n                <img decoding=\"async\" class=\"u-back-image u-expanded\" src=\"https:\/\/kobietymaryi.pl\/wp-content\/uploads\/2026\/03\/20260220_151428-1-scaled.jpg\">\n              <\/div>\n              <div class=\"u-over-slide u-shading u-over-slide-7\"><\/div>\n            <\/div>\n            <div class=\"u-effect-hover-zoom u-gallery-item\" data-image-width=\"1140\" data-image-height=\"1520\">\n              <div class=\"u-back-slide\">\n                <img decoding=\"async\" class=\"u-back-image u-expanded\" src=\"https:\/\/kobietymaryi.pl\/wp-content\/uploads\/2026\/03\/20260126_182420-1-1152x1536.jpg\">\n              <\/div>\n              <div class=\"u-over-slide u-shading u-over-slide-8\"><\/div>\n            <\/div>\n            <div class=\"u-effect-hover-zoom u-gallery-item\" data-image-width=\"1140\" data-image-height=\"1520\">\n              <div class=\"u-back-slide\">\n                <img decoding=\"async\" class=\"u-back-image u-expanded\" src=\"https:\/\/kobietymaryi.pl\/wp-content\/uploads\/2026\/03\/20260126_190818-1-1152x1536.jpg\">\n              <\/div>\n              <div class=\"u-over-slide u-shading u-over-slide-9\"><\/div>\n            <\/div>\n            <div class=\"u-effect-hover-zoom u-gallery-item\" data-image-width=\"113\" data-image-height=\"150\">\n              <div class=\"u-back-slide\">\n                <img decoding=\"async\" class=\"u-back-image u-expanded\" src=\"https:\/\/kobietymaryi.pl\/wp-content\/uploads\/2026\/03\/20260126_190851-1-scaled.jpg\">\n              <\/div>\n              <div class=\"u-over-slide u-shading u-over-slide-10\"><\/div>\n            <\/div>\n            <div class=\"u-effect-hover-zoom u-gallery-item\" data-image-width=\"113\" data-image-height=\"150\">\n              <div class=\"u-back-slide\">\n                <img decoding=\"async\" class=\"u-back-image u-expanded\" src=\"https:\/\/kobietymaryi.pl\/wp-content\/uploads\/2026\/03\/20260126_182513-1-scaled.jpg\">\n              <\/div>\n              <div class=\"u-over-slide u-shading u-over-slide-11\"><\/div>\n            <\/div>\n            <div class=\"u-effect-hover-zoom u-gallery-item\" data-image-width=\"1140\" data-image-height=\"1520\">\n              <div class=\"u-back-slide\">\n                <img decoding=\"async\" class=\"u-back-image u-expanded\" src=\"https:\/\/kobietymaryi.pl\/wp-content\/uploads\/2026\/03\/20260126_190826-1-scaled.jpg\">\n              <\/div>\n              <div class=\"u-over-slide u-shading u-over-slide-12\"><\/div>\n            <\/div>\n            <div class=\"u-effect-hover-zoom u-gallery-item\" data-image-width=\"768\" data-image-height=\"1024\">\n              <div class=\"u-back-slide\">\n                <img decoding=\"async\" class=\"u-back-image u-expanded\" src=\"https:\/\/kobietymaryi.pl\/wp-content\/uploads\/2026\/03\/20260126_183857-1-scaled.jpg\">\n              <\/div>\n              <div class=\"u-over-slide u-shading u-over-slide-13\"><\/div>\n            <\/div>\n            <div class=\"u-effect-hover-zoom u-gallery-item\" data-image-width=\"113\" data-image-height=\"150\">\n              <div class=\"u-back-slide\">\n                <img decoding=\"async\" class=\"u-back-image u-expanded\" src=\"https:\/\/kobietymaryi.pl\/wp-content\/uploads\/2026\/03\/20260126_190857-1-scaled.jpg\">\n              <\/div>\n              <div class=\"u-over-slide u-shading u-over-slide-14\"><\/div>\n            <\/div>\n            <div class=\"u-effect-hover-zoom u-gallery-item\" data-image-width=\"113\" data-image-height=\"150\">\n              <div class=\"u-back-slide\">\n                <img decoding=\"async\" class=\"u-back-image u-expanded\" src=\"https:\/\/kobietymaryi.pl\/wp-content\/uploads\/2026\/03\/20260126_182503-1-scaled.jpg\">\n              <\/div>\n              <div class=\"u-over-slide u-shading u-over-slide-15\"><\/div>\n            <\/div>\n            <div class=\"u-effect-hover-zoom u-gallery-item\" data-image-width=\"113\" data-image-height=\"150\">\n              <div class=\"u-back-slide\">\n                <img decoding=\"async\" class=\"u-back-image u-expanded\" src=\"https:\/\/kobietymaryi.pl\/wp-content\/uploads\/2026\/03\/20260126_182426-1-scaled.jpg\">\n              <\/div>\n              <div class=\"u-over-slide u-shading u-over-slide-16\"><\/div>\n            <\/div>\n            <div class=\"u-effect-hover-zoom u-gallery-item\" data-image-width=\"113\" data-image-height=\"150\">\n              <div class=\"u-back-slide\">\n                <img decoding=\"async\" class=\"u-back-image u-expanded\" src=\"https:\/\/kobietymaryi.pl\/wp-content\/uploads\/2026\/03\/20260126_190832-1-scaled.jpg\">\n              <\/div>\n              <div class=\"u-over-slide u-shading u-over-slide-17\"><\/div>\n            <\/div>\n            <div class=\"u-effect-hover-zoom u-gallery-item\" data-image-width=\"150\" data-image-height=\"113\">\n              <div class=\"u-back-slide\">\n                <img decoding=\"async\" class=\"u-back-image u-expanded\" src=\"https:\/\/kobietymaryi.pl\/wp-content\/uploads\/2026\/03\/20260220_151433-1-scaled.jpg\">\n              <\/div>\n              <div class=\"u-over-slide u-shading u-over-slide-18\"><\/div>\n            <\/div>\n            <div class=\"u-effect-hover-zoom u-gallery-item\">\n              <div class=\"u-back-slide\">\n                <img decoding=\"async\" class=\"u-back-image u-expanded\" src=\"https:\/\/kobietymaryi.pl\/wp-content\/uploads\/2026\/03\/20260126_182445-1.jpg\">\n              <\/div>\n              <div class=\"u-over-slide u-shading u-over-slide-19\"><\/div>\n            <\/div>\n            <div class=\"u-effect-hover-zoom u-gallery-item\">\n              <div class=\"u-back-slide\">\n                <img decoding=\"async\" class=\"u-back-image u-expanded\" src=\"https:\/\/kobietymaryi.pl\/wp-content\/uploads\/2026\/03\/20260126_183838-1.jpg\">\n              <\/div>\n              <div class=\"u-over-slide u-shading u-over-slide-20\"><\/div>\n            <\/div>\n            <div class=\"u-effect-hover-zoom u-gallery-item\">\n              <div class=\"u-back-slide\">\n                <img decoding=\"async\" class=\"u-back-image u-expanded\" src=\"https:\/\/kobietymaryi.pl\/wp-content\/uploads\/2026\/03\/20260126_182410-1.jpg\">\n              <\/div>\n              <div class=\"u-over-slide u-shading u-over-slide-21\"><\/div>\n            <\/div>\n            <div class=\"u-effect-hover-zoom u-gallery-item\" data-image-width=\"1140\" data-image-height=\"1520\">\n              <div class=\"u-back-slide\">\n                <img decoding=\"async\" class=\"u-back-image u-expanded\" src=\"https:\/\/kobietymaryi.pl\/wp-content\/uploads\/2026\/03\/20260126_183843-1-1152x1536.jpg\">\n              <\/div>\n              <div class=\"u-over-slide u-shading u-over-slide-22\"><\/div>\n            <\/div>\n            <div class=\"u-effect-hover-zoom u-gallery-item\" data-image-width=\"1140\" data-image-height=\"1520\">\n              <div class=\"u-back-slide\">\n                <img decoding=\"async\" class=\"u-back-image u-expanded\" src=\"https:\/\/kobietymaryi.pl\/wp-content\/uploads\/2026\/03\/20260126_183849-1-1152x1536.jpg\">\n              <\/div>\n              <div class=\"u-over-slide u-shading u-over-slide-23\"><\/div>\n            <\/div>\n            <div class=\"u-effect-hover-zoom u-gallery-item\" data-image-width=\"1140\" data-image-height=\"1520\">\n              <div class=\"u-back-slide\">\n                <img decoding=\"async\" class=\"u-back-image u-expanded\" src=\"https:\/\/kobietymaryi.pl\/wp-content\/uploads\/2026\/03\/20260126_182441-1-1152x1536.jpg\">\n              <\/div>\n              <div class=\"u-over-slide u-shading u-over-slide-24\"><\/div>\n            <\/div>\n            <div class=\"u-effect-hover-zoom u-gallery-item\">\n              <div class=\"u-back-slide\">\n                <img decoding=\"async\" class=\"u-back-image u-expanded\" src=\"https:\/\/kobietymaryi.pl\/wp-content\/uploads\/2026\/03\/20260126_190840-1.jpg\">\n              <\/div>\n              <div class=\"u-over-slide u-shading u-over-slide-25\"><\/div>\n            <\/div>\n          <\/div>\n        <\/div>\n      <\/div>\n    <\/section>\n    \n    \n    \n    \n  \n","protected":false},"excerpt":{"rendered":"<p>Paczuszka dla maluszka 2025 Szanowni Pa\u0144stwo,Sanktuarium \u015awi\u0119tego Micha\u0142a Archanio\u0142a i B\u0142ogos\u0142awionego Bronis\u0142awa Markiewicza w Miejscu Piastowym w tym roku po raz drugi wzi\u0119\u0142o udzia\u0142 w akcji &#8222;Paczuszka dla Maluszka&#8221; jako jej koordynator.W naszym Sanktuarium akcja trwa\u0142a od 5. grudnia 2025 r. do 25. stycznia 2026 r. Jest to czas, w kt\u00f3rym wiele os\u00f3b odwiedza Sanktuarium &hellip; <a href=\"https:\/\/kobietymaryi.pl\/?page_id=868\" class=\"more-link\">Continue reading<span class=\"screen-reader-text\"> &#8222;Paczuszka dla maluszka&#8221;<\/span><\/a><\/p>\n","protected":false},"author":1,"featured_media":0,"parent":0,"menu_order":0,"comment_status":"closed","ping_status":"closed","template":"","meta":{"footnotes":""},"class_list":["post-868","page","type-page","status-publish","hentry"],"_links":{"self":[{"href":"https:\/\/kobietymaryi.pl\/index.php?rest_route=\/wp\/v2\/pages\/868","targetHints":{"allow":["GET"]}}],"collection":[{"href":"https:\/\/kobietymaryi.pl\/index.php?rest_route=\/wp\/v2\/pages"}],"about":[{"href":"https:\/\/kobietymaryi.pl\/index.php?rest_route=\/wp\/v2\/types\/page"}],"author":[{"embeddable":true,"href":"https:\/\/kobietymaryi.pl\/index.php?rest_route=\/wp\/v2\/users\/1"}],"replies":[{"embeddable":true,"href":"https:\/\/kobietymaryi.pl\/index.php?rest_route=%2Fwp%2Fv2%2Fcomments&post=868"}],"version-history":[{"count":3,"href":"https:\/\/kobietymaryi.pl\/index.php?rest_route=\/wp\/v2\/pages\/868\/revisions"}],"predecessor-version":[{"id":996,"href":"https:\/\/kobietymaryi.pl\/index.php?rest_route=\/wp\/v2\/pages\/868\/revisions\/996"}],"wp:attachment":[{"href":"https:\/\/kobietymaryi.pl\/index.php?rest_route=%2Fwp%2Fv2%2Fmedia&parent=868"}],"curies":[{"name":"wp","href":"https:\/\/api.w.org\/{rel}","templated":true}]}}