{"id":966,"date":"2026-03-31T22:00:27","date_gmt":"2026-03-31T22:00:27","guid":{"rendered":"https:\/\/kobietymaryi.pl\/?page_id=966"},"modified":"2026-03-31T22:00:33","modified_gmt":"2026-03-31T22:00:33","slug":"strona-glowna-2","status":"publish","type":"page","link":"https:\/\/kobietymaryi.pl\/?page_id=966","title":{"rendered":"Strona g\u0142\u00f3wna"},"content":{"rendered":"\n  \n    <section class=\"u-clearfix u-section-1\" id=\"sec-66eb\">\n      <div class=\"u-clearfix u-sheet u-valign-bottom-lg u-valign-bottom-md u-valign-bottom-sm u-valign-bottom-xl u-sheet-1\">\n        <img decoding=\"async\" class=\"u-expanded-width u-image u-image-1\" src=\"https:\/\/kobietymaryi.pl\/wp-content\/uploads\/2026\/03\/Wsplnotakobiet.jpg\" data-image-width=\"3495\" data-image-height=\"2082\">\n      <\/div>\n    <\/section>\n    <section class=\"u-clearfix u-gradient u-valign-bottom-lg u-valign-bottom-md u-valign-bottom-sm u-section-2\" id=\"carousel_84ac\">\n      <h3 class=\"u-text u-text-1\">Nadchodz\u0105ce wydarzenia<\/h3>\n      <div class=\"data-layout-selected u-clearfix u-gutter-20 u-layout-wrap u-layout-wrap-1\">\n        <div class=\"u-layout\">\n          <div class=\"u-layout-col\">\n            <div class=\"u-size-30\">\n              <div class=\"u-layout-row\">\n                <div class=\"u-container-style u-layout-cell u-radius u-shape-rectangle u-size-15 u-layout-cell-1\">\n                  <div class=\"u-container-layout u-container-layout-1\">\n                    <div data-interval=\"5000\" data-u-ride=\"carousel\" class=\"u-carousel u-expanded-width u-slider u-slider-1\" id=\"carousel-3b2d\">\n                      <ol class=\"u-absolute-hcenter u-carousel-indicators u-carousel-indicators-1\">\n                        <li data-u-target=\"#carousel-3b2d\" class=\"u-active u-active-grey-10 u-grey-30\" data-u-slide-to=\"0\"><\/li>\n                      <\/ol>\n                      <div class=\"u-carousel-inner\" role=\"listbox\">\n                        <div class=\"u-active u-carousel-item u-container-align-center u-container-style u-image u-slide u-image-1\" data-image-width=\"1030\" data-image-height=\"687\" style=\"background-image: url(&quot;https:\/\/kobietymaryi.pl\/wp-content\/uploads\/2026\/03\/kobieta_kwiaty_blog-1030x687-1.jpg&quot;);\">\n                          <div class=\"u-container-layout u-container-layout-2\"><\/div>\n                        <\/div>\n                      <\/div>\n                      <a class=\"u-absolute-vcenter u-carousel-control u-carousel-control-prev u-hidden u-spacing-5 u-text-grey-30 u-carousel-control-1\" href=\"#carousel-3b2d\" role=\"button\" data-u-slide=\"prev\">\n                        <span aria-hidden=\"true\">\n                          <svg viewBox=\"0 0 477.175 477.175\"><path d=\"M145.188,238.575l215.5-215.5c5.3-5.3,5.3-13.8,0-19.1s-13.8-5.3-19.1,0l-225.1,225.1c-5.3,5.3-5.3,13.8,0,19.1l225.1,225\n                    c2.6,2.6,6.1,4,9.5,4s6.9-1.3,9.5-4c5.3-5.3,5.3-13.8,0-19.1L145.188,238.575z\"><\/path><\/svg>\n                        <\/span>\n                        <span class=\"sr-only\">Previous<\/span>\n                      <\/a>\n                      <a class=\"u-absolute-vcenter u-carousel-control u-carousel-control-next u-hidden u-spacing-5 u-text-grey-30 u-carousel-control-2\" href=\"#carousel-3b2d\" role=\"button\" data-u-slide=\"next\">\n                        <span aria-hidden=\"true\">\n                          <svg viewBox=\"0 0 477.175 477.175\"><path d=\"M360.731,229.075l-225.1-225.1c-5.3-5.3-13.8-5.3-19.1,0s-5.3,13.8,0,19.1l215.5,215.5l-215.5,215.5\n                    c-5.3,5.3-5.3,13.8,0,19.1c2.6,2.6,6.1,4,9.5,4c3.4,0,6.9-1.3,9.5-4l225.1-225.1C365.931,242.875,365.931,234.275,360.731,229.075z\"><\/path><\/svg>\n                        <\/span>\n                        <span class=\"sr-only\">Next<\/span>\n                      <\/a>\n                    <\/div>\n                    <h5 class=\"u-align-center u-text u-text-custom-color-1 u-text-2\">Serdecznie zapraszamy na<br>\"Spotkanie dla kobiet\"<br>29 kwiecie\u0144 2026<br>\n                    <\/h5>\n                    <a href=\"https:\/\/kobietymaryi.pl\/?page_id=969\" class=\"u-align-center u-btn u-btn-round u-button-style u-hover-palette-1-light-1 u-palette-2-light-1 u-radius-50 u-btn-1\">Wi\u0119cej informacji...<\/a>\n                  <\/div>\n                <\/div>\n                <div class=\"u-container-style u-layout-cell u-radius u-size-15 u-layout-cell-2\">\n                  <div class=\"u-container-layout u-valign-top u-container-layout-3\">\n                    <div data-interval=\"5000\" data-u-ride=\"carousel\" class=\"u-carousel u-expanded-width u-slider u-slider-2\" id=\"carousel-5f46\">\n                      <ol class=\"u-absolute-hcenter u-carousel-indicators u-carousel-indicators-2\">\n                        <li data-u-target=\"#carousel-5f46\" class=\"u-active u-active-grey-10 u-grey-30\" data-u-slide-to=\"0\"><\/li>\n                      <\/ol>\n                      <div class=\"u-carousel-inner\" role=\"listbox\">\n                        <div class=\"u-active u-carousel-item u-container-align-center u-container-style u-image u-slide u-image-2\" data-image-width=\"2492\" data-image-height=\"3507\" style=\"background-image: url(&quot;https:\/\/kobietymaryi.pl\/wp-content\/uploads\/2026\/03\/Plakat.jpg&quot;);\">\n                          <div class=\"u-container-layout u-valign-middle u-container-layout-4\"><\/div>\n                        <\/div>\n                      <\/div>\n                      <a class=\"u-absolute-vcenter u-carousel-control u-carousel-control-prev u-hidden u-spacing-5 u-text-grey-30 u-carousel-control-3\" href=\"#carousel-5f46\" role=\"button\" data-u-slide=\"prev\">\n                        <span aria-hidden=\"true\">\n                          <svg viewBox=\"0 0 477.175 477.175\"><path d=\"M145.188,238.575l215.5-215.5c5.3-5.3,5.3-13.8,0-19.1s-13.8-5.3-19.1,0l-225.1,225.1c-5.3,5.3-5.3,13.8,0,19.1l225.1,225\n                    c2.6,2.6,6.1,4,9.5,4s6.9-1.3,9.5-4c5.3-5.3,5.3-13.8,0-19.1L145.188,238.575z\"><\/path><\/svg>\n                        <\/span>\n                        <span class=\"sr-only\">Previous<\/span>\n                      <\/a>\n                      <a class=\"u-absolute-vcenter u-carousel-control u-carousel-control-next u-hidden u-spacing-5 u-text-grey-30 u-carousel-control-4\" href=\"#carousel-5f46\" role=\"button\" data-u-slide=\"next\">\n                        <span aria-hidden=\"true\">\n                          <svg viewBox=\"0 0 477.175 477.175\"><path d=\"M360.731,229.075l-225.1-225.1c-5.3-5.3-13.8-5.3-19.1,0s-5.3,13.8,0,19.1l215.5,215.5l-215.5,215.5\n                    c-5.3,5.3-5.3,13.8,0,19.1c2.6,2.6,6.1,4,9.5,4c3.4,0,6.9-1.3,9.5-4l225.1-225.1C365.931,242.875,365.931,234.275,360.731,229.075z\"><\/path><\/svg>\n                        <\/span>\n                        <span class=\"sr-only\">Next<\/span>\n                      <\/a>\n                    <\/div>\n                    <h5 class=\"u-align-center u-text u-text-custom-color-1 u-text-3\">Serdecznie zapraszamy na&nbsp;<br>\"Rekolekcje dla kobi\u200bet i mam z c\u00f3rkami\"<br>06 - 08 marzec 2026\n                    <\/h5>\n                    <a href=\"https:\/\/kobietymaryi.pl\/?page_id=962\" class=\"u-align-center u-btn u-btn-round u-button-style u-hover-palette-1-light-1 u-palette-2-light-1 u-radius-50 u-btn-2\">Wi\u0119cej informacji...<\/a>\n                  <\/div>\n                <\/div>\n                <div class=\"u-container-style u-layout-cell u-radius u-shape-rectangle u-size-15 u-layout-cell-3\">\n                  <div class=\"u-container-layout u-valign-top-lg u-valign-top-md u-valign-top-sm u-valign-top-xs u-container-layout-5\">\n                    <div data-interval=\"5000\" data-u-ride=\"carousel\" class=\"u-carousel u-expanded-width u-slider u-slider-3\" id=\"carousel-6f94\">\n                      <ol class=\"u-absolute-hcenter u-carousel-indicators u-carousel-indicators-3\">\n                        <li data-u-target=\"#carousel-6f94\" class=\"u-active u-active-grey-10 u-grey-30\" data-u-slide-to=\"0\"><\/li>\n                      <\/ol>\n                      <div class=\"u-carousel-inner\" role=\"listbox\">\n                        <div class=\"u-active u-carousel-item u-container-align-center u-container-style u-image u-slide u-image-3\" data-image-width=\"819\" data-image-height=\"610\" style=\"background-image: url(&quot;https:\/\/kobietymaryi.pl\/wp-content\/uploads\/2026\/03\/large-obraz-matki-boskiej-czestochowskiej.webp&quot;);\">\n                          <div class=\"u-container-layout u-container-layout-6\"><\/div>\n                        <\/div>\n                      <\/div>\n                      <a class=\"u-absolute-vcenter u-carousel-control u-carousel-control-prev u-hidden u-spacing-5 u-text-grey-30 u-carousel-control-5\" href=\"#carousel-6f94\" role=\"button\" data-u-slide=\"prev\">\n                        <span aria-hidden=\"true\">\n                          <svg viewBox=\"0 0 477.175 477.175\"><path d=\"M145.188,238.575l215.5-215.5c5.3-5.3,5.3-13.8,0-19.1s-13.8-5.3-19.1,0l-225.1,225.1c-5.3,5.3-5.3,13.8,0,19.1l225.1,225\n                    c2.6,2.6,6.1,4,9.5,4s6.9-1.3,9.5-4c5.3-5.3,5.3-13.8,0-19.1L145.188,238.575z\"><\/path><\/svg>\n                        <\/span>\n                        <span class=\"sr-only\">Previous<\/span>\n                      <\/a>\n                      <a class=\"u-absolute-vcenter u-carousel-control u-carousel-control-next u-hidden u-spacing-5 u-text-grey-30 u-carousel-control-6\" href=\"#carousel-6f94\" role=\"button\" data-u-slide=\"next\">\n                        <span aria-hidden=\"true\">\n                          <svg viewBox=\"0 0 477.175 477.175\"><path d=\"M360.731,229.075l-225.1-225.1c-5.3-5.3-13.8-5.3-19.1,0s-5.3,13.8,0,19.1l215.5,215.5l-215.5,215.5\n                    c-5.3,5.3-5.3,13.8,0,19.1c2.6,2.6,6.1,4,9.5,4c3.4,0,6.9-1.3,9.5-4l225.1-225.1C365.931,242.875,365.931,234.275,360.731,229.075z\"><\/path><\/svg>\n                        <\/span>\n                        <span class=\"sr-only\">Next<\/span>\n                      <\/a>\n                    <\/div>\n                    <h5 class=\"u-align-center u-text u-text-custom-color-1 u-text-4\">Serdecznie zapraszamy na<br>\"Pielgrzymk\u0119 kobiet na Jasn\u0105 G\u00f3r\u0119\"<br>\n                      <br>24 maj 2026\n                    <\/h5>\n                  <\/div>\n                <\/div>\n                <div class=\"cell-temp-clone u-container-style u-layout-cell u-radius u-shape-rectangle u-size-15 u-layout-cell-4\">\n                  <div class=\"u-container-layout u-valign-bottom-xs u-valign-top-lg u-valign-top-md u-valign-top-sm u-container-layout-7\">\n                    <div data-interval=\"5000\" data-u-ride=\"carousel\" class=\"u-carousel u-expanded-width u-slider u-slider-4\" id=\"carousel-ebb2\">\n                      <ol class=\"u-absolute-hcenter u-carousel-indicators u-carousel-indicators-4\">\n                        <li data-u-target=\"#carousel-ebb2\" class=\"u-active u-active-grey-10 u-grey-30\" data-u-slide-to=\"0\"><\/li>\n                      <\/ol>\n                      <div class=\"u-carousel-inner\" role=\"listbox\">\n                        <div class=\"u-active u-carousel-item u-container-style u-image u-slide u-image-4\" data-image-width=\"500\" data-image-height=\"333\" style=\"background-image: url(&quot;https:\/\/kobietymaryi.pl\/wp-content\/uploads\/2026\/03\/500_F_92387581_gFnrQWdsJIcX278IUVJGUDaHnQ6wSEUz.jpg&quot;);\">\n                          <div class=\"u-container-layout u-container-layout-8\"><\/div>\n                        <\/div>\n                      <\/div>\n                      <a class=\"u-absolute-vcenter u-carousel-control u-carousel-control-prev u-hidden u-spacing-5 u-text-grey-30 u-carousel-control-7\" href=\"#carousel-ebb2\" role=\"button\" data-u-slide=\"prev\">\n                        <span aria-hidden=\"true\">\n                          <svg viewBox=\"0 0 477.175 477.175\"><path d=\"M145.188,238.575l215.5-215.5c5.3-5.3,5.3-13.8,0-19.1s-13.8-5.3-19.1,0l-225.1,225.1c-5.3,5.3-5.3,13.8,0,19.1l225.1,225\n                    c2.6,2.6,6.1,4,9.5,4s6.9-1.3,9.5-4c5.3-5.3,5.3-13.8,0-19.1L145.188,238.575z\"><\/path><\/svg>\n                        <\/span>\n                        <span class=\"sr-only\">Previous<\/span>\n                      <\/a>\n                      <a class=\"u-absolute-vcenter u-carousel-control u-carousel-control-next u-hidden u-spacing-5 u-text-grey-30 u-carousel-control-8\" href=\"#carousel-ebb2\" role=\"button\" data-u-slide=\"next\">\n                        <span aria-hidden=\"true\">\n                          <svg viewBox=\"0 0 477.175 477.175\"><path d=\"M360.731,229.075l-225.1-225.1c-5.3-5.3-13.8-5.3-19.1,0s-5.3,13.8,0,19.1l215.5,215.5l-215.5,215.5\n                    c-5.3,5.3-5.3,13.8,0,19.1c2.6,2.6,6.1,4,9.5,4c3.4,0,6.9-1.3,9.5-4l225.1-225.1C365.931,242.875,365.931,234.275,360.731,229.075z\"><\/path><\/svg>\n                        <\/span>\n                        <span class=\"sr-only\">Next<\/span>\n                      <\/a>\n                    <\/div>\n                    <h5 class=\"u-align-center u-text u-text-custom-color-1 u-text-default u-text-5\">Grupa wsparcia dla kobiet<\/h5>\n                  <\/div>\n                <\/div>\n              <\/div>\n            <\/div>\n            <div class=\"u-size-30\">\n              <div class=\"u-layout-row\">\n                <div class=\"u-container-style u-layout-cell u-radius u-shape-round u-size-30 u-layout-cell-5\">\n                  <div class=\"u-container-layout u-container-layout-9\">\n                    <img decoding=\"async\" class=\"u-expanded-width u-image u-image-default u-image-5\" src=\"https:\/\/kobietymaryi.pl\/wp-content\/uploads\/2026\/03\/Bombkaplakatpaczuszka2025.jpg\" alt=\"\" data-image-width=\"3509\" data-image-height=\"2481\" data-href=\"https:\/\/kobietymaryi.pl\/?page_id=964\" title=\"Paczuszka dla maluszka\">\n                    <a href=\"https:\/\/kobietymaryi.pl\/?page_id=964\" class=\"u-align-center u-border-2 u-border-palette-1-base u-btn u-btn-round u-button-style u-hover-palette-1-base u-palette-3-light-1 u-radius-50 u-btn-3\">Foto relacja<\/a>\n                  <\/div>\n                <\/div>\n                <div class=\"u-container-style u-layout-cell u-radius u-size-30 u-layout-cell-6\">\n                  <div class=\"u-container-layout u-valign-top u-container-layout-10\">\n                    <img decoding=\"async\" class=\"u-expanded-width u-image u-image-6\" src=\"https:\/\/kobietymaryi.pl\/wp-content\/uploads\/2026\/03\/Spotkanieopatkowedlakobiet.jpg\" data-image-width=\"3475\" data-image-height=\"2467\" data-href=\"https:\/\/kobietymaryi.pl\/?page_id=963\" title=\"Spotkanie op\u0142atkowe\">\n                    <a href=\"https:\/\/kobietymaryi.pl\/?page_id=963\" class=\"u-align-center u-btn u-btn-round u-button-style u-hover-palette-1-light-1 u-palette-3-light-1 u-radius-50 u-btn-4\">Foto relacja<\/a>\n                  <\/div>\n                <\/div>\n              <\/div>\n            <\/div>\n          <\/div>\n        <\/div>\n      <\/div>\n    <\/section>\n    <section class=\"u-clearfix u-section-3\" id=\"sec-a268\">\n      <div class=\"u-clearfix u-sheet u-valign-middle u-sheet-1\">\n        <h2 class=\"u-align-center-xs u-text u-text-default u-text-1\">Serdecznie zapraszamy do R\u00f3\u017c R\u00f3\u017ca\u0144cowych<\/h2>\n      <\/div>\n    <\/section>\n    <section class=\"u-clearfix u-section-4\" id=\"sec-7eba\">\n      <div class=\"u-clearfix u-sheet u-sheet-1\">\n        <div class=\"u-clearfix u-expanded-width u-layout-wrap u-layout-wrap-1\">\n          <div class=\"u-layout\">\n            <div class=\"u-layout-row\">\n              <div class=\"u-container-style u-layout-cell u-size-30 u-layout-cell-1\">\n                <div class=\"u-container-layout u-valign-top u-container-layout-1\">\n                  <img decoding=\"async\" class=\"u-image u-image-default u-image-1\" src=\"https:\/\/kobietymaryi.pl\/wp-content\/uploads\/2026\/03\/rozaniec-zon-za-mezow.webp\" alt=\"\" data-image-width=\"600\" data-image-height=\"806\" data-href=\"https:\/\/kobietymaryi.pl\/?page_id=968\" title=\"R\u00f3\u017ce r\u00f3\u017ca\u0144cowe \u017con za m\u0119\u017c\u00f3w\">\n                  <a href=\"https:\/\/kobietymaryi.pl\/?page_id=968\" class=\"u-btn u-btn-round u-button-style u-hover-palette-1-light-1 u-palette-1-base u-radius-50 u-btn-1\">wi\u0119cej informacji<\/a>\n                <\/div>\n              <\/div>\n              <div class=\"u-container-style u-layout-cell u-size-30 u-layout-cell-2\" data-href=\"https:\/\/kobietymaryi.pl\/?page_id=965\">\n                <div class=\"u-container-layout u-container-layout-2\">\n                  <img decoding=\"async\" class=\"u-image u-image-2\" src=\"https:\/\/kobietymaryi.pl\/wp-content\/uploads\/2026\/03\/32319o.jpg\" data-image-width=\"348\" data-image-height=\"500\" data-href=\"https:\/\/kobietymaryi.pl\/?page_id=965\" title=\"R\u00f3\u017ce r\u00f3\u017ca\u0144cowe za dzieci\">\n                  <a href=\"https:\/\/kobietymaryi.pl\/?page_id=965\" class=\"u-btn u-btn-round u-button-style u-hover-palette-1-light-1 u-palette-1-base u-radius-50 u-btn-2\">wi\u0119cej informacji<\/a>\n                <\/div>\n              <\/div>\n            <\/div>\n          <\/div>\n        <\/div>\n      <\/div>\n    <\/section>\n    <section class=\"u-align-center u-clearfix u-gradient u-section-5\" id=\"sec-21ae\">\n      <div class=\"u-clearfix u-sheet u-sheet-1\">\n        <h2 class=\"u-text u-text-default u-text-1\">Nasze inicjatywy<\/h2>\n        <div class=\"u-expanded-width u-gallery u-layout-horizontal u-lightbox u-no-transition u-show-text-on-hover u-width-fixed u-gallery-1\">\n          <div class=\"u-gallery-inner\"><div class=\"u-effect-fade u-gallery-item u-gallery-item-1\"><div class=\"u-back-slide\" data-image-width=\"2491\" data-image-height=\"3515\"><img decoding=\"async\" class=\"u-back-image u-back-image-1\" src=\"https:\/\/kobietymaryi.pl\/wp-content\/uploads\/2026\/03\/Warsztatywiecwadwentowych.jpg\">\n<\/div><div class=\"u-over-slide u-shading u-over-slide-1\"><h3 class=\"u-gallery-heading\"><\/h3><p class=\"u-gallery-text\"><\/p>\n<\/div>\n<\/div><div class=\"u-effect-fade u-gallery-item u-gallery-item-2\"><div class=\"u-back-slide\" data-image-width=\"1624\" data-image-height=\"2286\"><img decoding=\"async\" class=\"u-back-image u-back-image-2\" src=\"https:\/\/kobietymaryi.pl\/wp-content\/uploads\/2026\/03\/Marsz-Papieski-2025.jpg\">\n<\/div><div class=\"u-over-slide u-shading u-over-slide-2\"><h3 class=\"u-gallery-heading\"><\/h3><p class=\"u-gallery-text\"><\/p>\n<\/div>\n<\/div><div class=\"u-effect-fade u-gallery-item u-gallery-item-3\"><div class=\"u-back-slide\" data-image-width=\"1414\" data-image-height=\"2000\"><img decoding=\"async\" class=\"u-back-image u-back-image-3\" src=\"https:\/\/kobietymaryi.pl\/wp-content\/uploads\/2026\/03\/Kiermasz-misyjny.jpg\">\n<\/div><div class=\"u-over-slide u-shading u-over-slide-3\"><h3 class=\"u-gallery-heading\"><\/h3><p class=\"u-gallery-text\"><\/p>\n<\/div>\n<\/div><div class=\"u-effect-fade u-gallery-item u-gallery-item-4\"><div class=\"u-back-slide\" data-image-width=\"2480\" data-image-height=\"3508\"><img decoding=\"async\" class=\"u-back-image u-back-image-4\" src=\"https:\/\/kobietymaryi.pl\/wp-content\/uploads\/2026\/03\/Sylwesterplakat.jpg\">\n<\/div><div class=\"u-over-slide u-shading u-over-slide-4\"><h3 class=\"u-gallery-heading\"><\/h3><p class=\"u-gallery-text\"><\/p>\n<\/div>\n<\/div><div class=\"u-effect-fade u-gallery-item u-gallery-item-5\"><div class=\"u-back-slide\" data-image-width=\"3509\" data-image-height=\"2481\"><img decoding=\"async\" class=\"u-back-image u-back-image-5\" src=\"https:\/\/kobietymaryi.pl\/wp-content\/uploads\/2026\/03\/Bombkaplakatpaczuszka2025.jpg\">\n<\/div><div class=\"u-over-slide u-shading u-over-slide-5\"><h3 class=\"u-gallery-heading\"><\/h3><p class=\"u-gallery-text\"><\/p>\n<\/div>\n<\/div><div class=\"u-effect-fade u-gallery-item u-gallery-item-6\" data-image-width=\"2498\" data-image-height=\"3510\"><div class=\"u-back-slide u-back-slide-6\"><img decoding=\"async\" class=\"u-back-image u-back-image-6\" src=\"https:\/\/kobietymaryi.pl\/wp-content\/uploads\/2026\/03\/Rekolekcjedlakobietmarzec.jpg\">\n<\/div><div class=\"u-over-slide u-shading u-over-slide-6\"><h3 class=\"u-gallery-heading\"><\/h3><p class=\"u-gallery-text\"><\/p>\n<\/div>\n<\/div><div class=\"u-effect-fade u-gallery-item u-gallery-item-7\" data-image-width=\"2333\" data-image-height=\"3311\"><div class=\"u-back-slide\" data-image-width=\"2489\" data-image-height=\"3518\"><img decoding=\"async\" class=\"u-back-image u-back-image-7\" src=\"https:\/\/kobietymaryi.pl\/wp-content\/uploads\/2026\/03\/plakatwarsztatypadziernik.jpg\">\n<\/div><div class=\"u-over-slide u-shading u-over-slide-7\"><h3 class=\"u-gallery-heading\"><\/h3><p class=\"u-gallery-text\"><\/p>\n<\/div>\n<\/div><\/div>\n          <a class=\"u-absolute-vcenter u-gallery-nav u-gallery-nav-prev u-grey-70 u-icon-circle u-opacity u-opacity-70 u-spacing-10 u-text-white u-gallery-nav-1\" href=\"#\" role=\"button\">\n            <span aria-hidden=\"true\">\n              <svg viewBox=\"0 0 451.847 451.847\"><path d=\"M97.141,225.92c0-8.095,3.091-16.192,9.259-22.366L300.689,9.27c12.359-12.359,32.397-12.359,44.751,0\nc12.354,12.354,12.354,32.388,0,44.748L173.525,225.92l171.903,171.909c12.354,12.354,12.354,32.391,0,44.744\nc-12.354,12.365-32.386,12.365-44.745,0l-194.29-194.281C100.226,242.115,97.141,234.018,97.141,225.92z\"><\/path><\/svg>\n            <\/span>\n            <span class=\"sr-only\">\n              <svg viewBox=\"0 0 451.847 451.847\"><path d=\"M97.141,225.92c0-8.095,3.091-16.192,9.259-22.366L300.689,9.27c12.359-12.359,32.397-12.359,44.751,0\nc12.354,12.354,12.354,32.388,0,44.748L173.525,225.92l171.903,171.909c12.354,12.354,12.354,32.391,0,44.744\nc-12.354,12.365-32.386,12.365-44.745,0l-194.29-194.281C100.226,242.115,97.141,234.018,97.141,225.92z\"><\/path><\/svg>\n            <\/span>\n          <\/a>\n          <a class=\"u-absolute-vcenter u-gallery-nav u-gallery-nav-next u-grey-70 u-icon-circle u-opacity u-opacity-70 u-spacing-10 u-text-white u-gallery-nav-2\" href=\"#\" role=\"button\">\n            <span aria-hidden=\"true\">\n              <svg viewBox=\"0 0 451.846 451.847\"><path d=\"M345.441,248.292L151.154,442.573c-12.359,12.365-32.397,12.365-44.75,0c-12.354-12.354-12.354-32.391,0-44.744\nL278.318,225.92L106.409,54.017c-12.354-12.359-12.354-32.394,0-44.748c12.354-12.359,32.391-12.359,44.75,0l194.287,194.284\nc6.177,6.18,9.262,14.271,9.262,22.366C354.708,234.018,351.617,242.115,345.441,248.292z\"><\/path><\/svg>\n            <\/span>\n            <span class=\"sr-only\">\n              <svg viewBox=\"0 0 451.846 451.847\"><path d=\"M345.441,248.292L151.154,442.573c-12.359,12.365-32.397,12.365-44.75,0c-12.354-12.354-12.354-32.391,0-44.744\nL278.318,225.92L106.409,54.017c-12.354-12.359-12.354-32.394,0-44.748c12.354-12.359,32.391-12.359,44.75,0l194.287,194.284\nc6.177,6.18,9.262,14.271,9.262,22.366C354.708,234.018,351.617,242.115,345.441,248.292z\"><\/path><\/svg>\n            <\/span>\n          <\/a>\n        <\/div>\n      <\/div>\n    <\/section>\n    \n    \n    \n    \n    \n  \n","protected":false},"excerpt":{"rendered":"<p>Nadchodz\u0105ce wydarzenia Previous Next Serdecznie zapraszamy na&#8221;Spotkanie dla kobiet&#8221;29 kwiecie\u0144 2026 Wi\u0119cej informacji&#8230; Previous Next Serdecznie zapraszamy na&nbsp;&#8222;Rekolekcje dla kobi\u200bet i mam z c\u00f3rkami&#8221;06 &#8211; 08 marzec 2026 Wi\u0119cej informacji&#8230; Previous Next Serdecznie zapraszamy na&#8221;Pielgrzymk\u0119 kobiet na Jasn\u0105 G\u00f3r\u0119&#8221; 24 maj 2026 Previous Next Grupa wsparcia dla kobiet Foto relacja Foto relacja Serdecznie zapraszamy do &hellip; <a href=\"https:\/\/kobietymaryi.pl\/?page_id=966\" class=\"more-link\">Continue reading<span class=\"screen-reader-text\"> &#8222;Strona g\u0142\u00f3wna&#8221;<\/span><\/a><\/p>\n","protected":false},"author":1,"featured_media":0,"parent":0,"menu_order":5,"comment_status":"closed","ping_status":"closed","template":"","meta":{"footnotes":""},"class_list":["post-966","page","type-page","status-publish","hentry"],"_links":{"self":[{"href":"https:\/\/kobietymaryi.pl\/index.php?rest_route=\/wp\/v2\/pages\/966","targetHints":{"allow":["GET"]}}],"collection":[{"href":"https:\/\/kobietymaryi.pl\/index.php?rest_route=\/wp\/v2\/pages"}],"about":[{"href":"https:\/\/kobietymaryi.pl\/index.php?rest_route=\/wp\/v2\/types\/page"}],"author":[{"embeddable":true,"href":"https:\/\/kobietymaryi.pl\/index.php?rest_route=\/wp\/v2\/users\/1"}],"replies":[{"embeddable":true,"href":"https:\/\/kobietymaryi.pl\/index.php?rest_route=%2Fwp%2Fv2%2Fcomments&post=966"}],"version-history":[{"count":1,"href":"https:\/\/kobietymaryi.pl\/index.php?rest_route=\/wp\/v2\/pages\/966\/revisions"}],"predecessor-version":[{"id":975,"href":"https:\/\/kobietymaryi.pl\/index.php?rest_route=\/wp\/v2\/pages\/966\/revisions\/975"}],"wp:attachment":[{"href":"https:\/\/kobietymaryi.pl\/index.php?rest_route=%2Fwp%2Fv2%2Fmedia&parent=966"}],"curies":[{"name":"wp","href":"https:\/\/api.w.org\/{rel}","templated":true}]}}